[INFO] cloning repository https://github.com/aleksanb/plates
[INFO] running `Command { std: "git" "-c" "credential.helper=" "-c" "credential.helper=/workspace/cargo-home/bin/git-credential-null" "clone" "--bare" "https://github.com/aleksanb/plates" "/workspace/cache/git-repos/https%3A%2F%2Fgithub.com%2Faleksanb%2Fplates", kill_on_drop: false }`
[INFO] [stderr] Cloning into bare repository '/workspace/cache/git-repos/https%3A%2F%2Fgithub.com%2Faleksanb%2Fplates'...
[INFO] running `Command { std: "git" "rev-parse" "HEAD", kill_on_drop: false }`
[INFO] [stdout] e88a3c306cfa72059269c841622f1e15e526000e
[INFO] checking aleksanb/plates against master#af3c6e733a40e671550e0f0f5aeecaa13772ba56 for pr-74989
[INFO] running `Command { std: "git" "clone" "/workspace/cache/git-repos/https%3A%2F%2Fgithub.com%2Faleksanb%2Fplates" "/workspace/builds/worker-6/source", kill_on_drop: false }`
[INFO] [stderr] Cloning into '/workspace/builds/worker-6/source'...
[INFO] [stderr] done.
[INFO] validating manifest of git repo https://github.com/aleksanb/plates on toolchain af3c6e733a40e671550e0f0f5aeecaa13772ba56
[INFO] running `Command { std: "/workspace/cargo-home/bin/cargo" "+af3c6e733a40e671550e0f0f5aeecaa13772ba56" "read-manifest" "--manifest-path" "Cargo.toml", kill_on_drop: false }`
[INFO] started tweaking git repo https://github.com/aleksanb/plates
[INFO] removed path dependency select from git repo https://github.com/aleksanb/plates
[INFO] finished tweaking git repo https://github.com/aleksanb/plates
[INFO] tweaked toml for git repo https://github.com/aleksanb/plates written to /workspace/builds/worker-6/source/Cargo.toml
[INFO] crate git repo https://github.com/aleksanb/plates already has a lockfile, it will not be regenerated
[INFO] running `Command { std: "/workspace/cargo-home/bin/cargo" "+af3c6e733a40e671550e0f0f5aeecaa13772ba56" "fetch" "--locked" "--manifest-path" "Cargo.toml", kill_on_drop: false }`
[INFO] [stderr] warning: dependency (select) specified without providing a local path, Git repository, or version to use. This will be considered an error in future versions
[INFO] [stderr]     Updating crates.io index
[INFO] [stderr] error: the lock file /workspace/builds/worker-6/source/Cargo.lock needs to be updated but --locked was passed to prevent this
[INFO] [stderr] If you want to try to generate the lock file without accessing the network, use the --offline flag.
[INFO] the lockfile is outdated, regenerating it
[INFO] running `Command { std: "/workspace/cargo-home/bin/cargo" "+af3c6e733a40e671550e0f0f5aeecaa13772ba56" "generate-lockfile" "--manifest-path" "Cargo.toml" "-Zno-index-update", kill_on_drop: false }`
[INFO] running `Command { std: "/workspace/cargo-home/bin/cargo" "+af3c6e733a40e671550e0f0f5aeecaa13772ba56" "fetch" "--locked" "--manifest-path" "Cargo.toml", kill_on_drop: false }`
[INFO] [stderr] warning: dependency (select) specified without providing a local path, Git repository, or version to use. This will be considered an error in future versions
[INFO] running `Command { std: "docker" "create" "-v" "/var/lib/crater-agent-workspace/builds/worker-6/target:/opt/rustwide/target:rw,Z" "-v" "/var/lib/crater-agent-workspace/builds/worker-6/source:/opt/rustwide/workdir:ro,Z" "-v" "/var/lib/crater-agent-workspace/cargo-home:/opt/rustwide/cargo-home:ro,Z" "-v" "/var/lib/crater-agent-workspace/rustup-home:/opt/rustwide/rustup-home:ro,Z" "-e" "SOURCE_DIR=/opt/rustwide/workdir" "-e" "CARGO_TARGET_DIR=/opt/rustwide/target" "-e" "CARGO_HOME=/opt/rustwide/cargo-home" "-e" "RUSTUP_HOME=/opt/rustwide/rustup-home" "-w" "/opt/rustwide/workdir" "-m" "1610612736" "--user" "0:0" "--network" "none" "rustops/crates-build-env@sha256:d92eaeed33fa75130ca1ee6c8a01d1ffb62bac859dfdfb3450e3e5d1c0146529" "/opt/rustwide/cargo-home/bin/cargo" "+af3c6e733a40e671550e0f0f5aeecaa13772ba56" "metadata" "--no-deps" "--format-version=1", kill_on_drop: false }`
[INFO] [stdout] e45a99e146cf7d8beec5e63fff09719c68b13f1dc32b5c02aea50b2b8005e62e
[INFO] [stderr] WARNING: Your kernel does not support swap limit capabilities or the cgroup is not mounted. Memory limited without swap.
[INFO] running `Command { std: "docker" "start" "-a" "e45a99e146cf7d8beec5e63fff09719c68b13f1dc32b5c02aea50b2b8005e62e", kill_on_drop: false }`
[INFO] running `Command { std: "docker" "inspect" "e45a99e146cf7d8beec5e63fff09719c68b13f1dc32b5c02aea50b2b8005e62e", kill_on_drop: false }`
[INFO] running `Command { std: "docker" "rm" "-f" "e45a99e146cf7d8beec5e63fff09719c68b13f1dc32b5c02aea50b2b8005e62e", kill_on_drop: false }`
[INFO] [stdout] e45a99e146cf7d8beec5e63fff09719c68b13f1dc32b5c02aea50b2b8005e62e
[INFO] running `Command { std: "docker" "create" "-v" "/var/lib/crater-agent-workspace/builds/worker-6/target:/opt/rustwide/target:rw,Z" "-v" "/var/lib/crater-agent-workspace/builds/worker-6/source:/opt/rustwide/workdir:ro,Z" "-v" "/var/lib/crater-agent-workspace/cargo-home:/opt/rustwide/cargo-home:ro,Z" "-v" "/var/lib/crater-agent-workspace/rustup-home:/opt/rustwide/rustup-home:ro,Z" "-e" "SOURCE_DIR=/opt/rustwide/workdir" "-e" "CARGO_TARGET_DIR=/opt/rustwide/target" "-e" "CARGO_INCREMENTAL=0" "-e" "RUST_BACKTRACE=full" "-e" "RUSTFLAGS=--cap-lints=forbid" "-e" "CARGO_HOME=/opt/rustwide/cargo-home" "-e" "RUSTUP_HOME=/opt/rustwide/rustup-home" "-w" "/opt/rustwide/workdir" "-m" "1610612736" "--user" "0:0" "--network" "none" "rustops/crates-build-env@sha256:d92eaeed33fa75130ca1ee6c8a01d1ffb62bac859dfdfb3450e3e5d1c0146529" "/opt/rustwide/cargo-home/bin/cargo" "+af3c6e733a40e671550e0f0f5aeecaa13772ba56" "check" "--frozen" "--all" "--all-targets" "--message-format=json", kill_on_drop: false }`
[INFO] [stderr] WARNING: Your kernel does not support swap limit capabilities or the cgroup is not mounted. Memory limited without swap.
[INFO] [stdout] 62da1ce690e134ffd29f4f0f36199d364e72382b105593c00a3d0298c50f3d6e
[INFO] running `Command { std: "docker" "start" "-a" "62da1ce690e134ffd29f4f0f36199d364e72382b105593c00a3d0298c50f3d6e", kill_on_drop: false }`
[INFO] [stderr] warning: dependency (select) specified without providing a local path, Git repository, or version to use. This will be considered an error in future versions
[INFO] [stderr]     Checking cfg-if v0.1.10
[INFO] [stderr]    Compiling log v0.4.11
[INFO] [stderr]    Compiling version_check v0.1.5
[INFO] [stderr]    Compiling autocfg v0.1.7
[INFO] [stderr]    Compiling rand_core v0.4.2
[INFO] [stderr]    Compiling proc-macro2 v1.0.21
[INFO] [stderr]    Compiling unicode-xid v0.2.1
[INFO] [stderr]    Compiling syn v1.0.40
[INFO] [stderr]    Compiling serde v1.0.116
[INFO] [stderr]     Checking lazy_static v1.4.0
[INFO] [stderr]    Compiling serde_json v1.0.57
[INFO] [stderr]    Compiling memchr v2.3.3
[INFO] [stderr]    Compiling ppv-lite86 v0.2.9
[INFO] [stderr]    Compiling siphasher v0.3.3
[INFO] [stderr]    Compiling byteorder v1.3.4
[INFO] [stderr]     Checking matches v0.1.8
[INFO] [stderr]     Checking tinyvec v0.3.4
[INFO] [stderr]     Checking percent-encoding v1.0.1
[INFO] [stderr]    Compiling itoa v0.4.6
[INFO] [stderr]     Checking bytes v0.5.6
[INFO] [stderr]     Checking modifier v0.1.0
[INFO] [stderr]     Checking futures-core v0.3.5
[INFO] [stderr]     Checking rustc-serialize v0.3.24
[INFO] [stderr]     Checking pin-project-lite v0.1.7
[INFO] [stderr]     Checking pin-utils v0.1.0
[INFO] [stderr]     Checking remove_dir_all v0.5.3
[INFO] [stderr]     Checking safemem v0.2.0
[INFO] [stderr]     Checking quick-error v1.2.3
[INFO] [stderr]     Checking regex-syntax v0.6.18
[INFO] [stderr]     Checking termcolor v1.1.0
[INFO] [stderr]     Checking quick-error v2.0.0
[INFO] [stderr]    Compiling num-traits v0.2.12
[INFO] [stderr]    Compiling num-integer v0.1.43
[INFO] [stderr]    Compiling indexmap v1.6.0
[INFO] [stderr]    Compiling num-iter v0.1.41
[INFO] [stderr]     Checking unicode-bidi v0.3.4
[INFO] [stderr]     Checking unsafe-any v0.4.2
[INFO] [stderr]     Checking tracing-core v0.1.16
[INFO] [stderr]     Checking thread_local v1.0.1
[INFO] [stderr]    Compiling phf_shared v0.8.0
[INFO] [stderr]    Compiling rand_core v0.3.1
[INFO] [stderr]    Compiling rand_jitter v0.1.4
[INFO] [stderr]     Checking futures-channel v0.3.5
[INFO] [stderr]     Checking humantime v1.3.0
[INFO] [stderr]     Checking unicode-normalization v0.1.13
[INFO] [stderr]    Compiling ryu v1.0.5
[INFO] [stderr]    Compiling unicase v1.4.2
[INFO] [stderr]     Checking typemap v0.3.3
[INFO] [stderr]    Compiling rand_xorshift v0.1.1
[INFO] [stderr]    Compiling rand_isaac v0.1.1
[INFO] [stderr]    Compiling rand_hc v0.1.0
[INFO] [stderr]     Checking net2 v0.2.35
[INFO] [stderr]     Checking iovec v0.1.4
[INFO] [stderr]     Checking atty v0.2.14
[INFO] [stderr]     Checking socket2 v0.3.15
[INFO] [stderr]    Compiling getrandom v0.1.15
[INFO] [stderr]    Compiling rand_os v0.1.3
[INFO] [stderr]    Compiling rand_chacha v0.1.1
[INFO] [stderr]    Compiling rand_pcg v0.1.2
[INFO] [stderr]    Compiling rand v0.6.5
[INFO] [stderr]     Checking http v0.2.1
[INFO] [stderr]     Checking phf v0.8.0
[INFO] [stderr]     Checking tempdir v0.3.7
[INFO] [stderr]     Checking buf_redux v0.6.3
[INFO] [stderr]     Checking plugin v0.2.6
[INFO] [stderr]     Checking log v0.3.9
[INFO] [stderr]     Checking tracing v0.1.19
[INFO] [stderr]     Checking want v0.3.0
[INFO] [stderr]    Compiling rand_core v0.5.1
[INFO] [stderr]     Checking mio v0.6.22
[INFO] [stderr]     Checking twoway v0.1.8
[INFO] [stderr]     Checking aho-corasick v0.7.13
[INFO] [stderr]     Checking mime v0.2.6
[INFO] [stderr]     Checking base64 v0.9.3
[INFO] [stderr]    Compiling rand_chacha v0.2.2
[INFO] [stderr]    Compiling rand_pcg v0.2.1
[INFO] [stderr]    Compiling phf_shared v0.7.24
[INFO] [stderr]     Checking idna v0.1.5
[INFO] [stderr]    Compiling quote v1.0.7
[INFO] [stderr]    Compiling phf v0.7.24
[INFO] [stderr]    Compiling rand v0.7.3
[INFO] [stderr]     Checking tokio v0.2.22
[INFO] [stderr]     Checking url v1.7.2
[INFO] [stderr]     Checking num-complex v0.1.43
[INFO] [stderr]     Checking num-bigint v0.1.44
[INFO] [stderr]     Checking regex v1.3.9
[INFO] [stderr]     Checking hyper v0.10.16
[INFO] [stderr]     Checking http-body v0.3.1
[INFO] [stderr]    Compiling phf_generator v0.7.24
[INFO] [stderr]    Compiling phf_codegen v0.7.24
[INFO] [stderr]    Compiling phf_generator v0.8.0
[INFO] [stderr]    Compiling string_cache_codegen v0.5.1
[INFO] [stderr]    Compiling phf_codegen v0.8.0
[INFO] [stderr]    Compiling mime_guess v1.8.8
[INFO] [stderr]     Checking num-rational v0.1.42
[INFO] [stderr]     Checking env_logger v0.7.1
[INFO] [stderr]     Checking num v0.1.42
[INFO] [stderr]     Checking iron v0.6.1
[INFO] [stderr]     Checking multipart v0.13.6
[INFO] [stderr]     Checking tokio-util v0.3.1
[INFO] [stderr]     Checking persistent v0.4.0
[INFO] [stderr]     Checking router v0.6.0
[INFO] [stderr]     Checking string_cache v0.8.0
[INFO] [stderr]     Checking bodyparser v0.8.0
[INFO] [stderr]     Checking urlencoded v0.6.0
[INFO] [stderr]     Checking params v0.8.0
[INFO] [stderr]    Compiling serde_derive v1.0.116
[INFO] [stderr]    Compiling html5ever v0.25.1
[INFO] [stderr]    Compiling pin-project-internal v0.4.23
[INFO] [stderr]     Checking pin-project v0.4.23
[INFO] [stderr]     Checking futures-util v0.3.5
[INFO] [stderr]     Checking h2 v0.2.6
[INFO] [stderr]    Compiling markup5ever v0.10.0
[INFO] [stderr]     Checking xml5ever v0.16.1
[INFO] [stderr]     Checking markup5ever_rcdom v0.1.0
[INFO] [stderr]     Checking select v0.5.0
[INFO] [stderr]     Checking hyper v0.13.7
[INFO] [stderr]     Checking plates v0.1.0 (/opt/rustwide/workdir)
[INFO] [stdout] warning: use of deprecated macro `try`: use the `?` operator instead
[INFO] [stdout]   --> src/disk_cache.rs:29:5
[INFO] [stdout]    |
[INFO] [stdout] 29 |     try!(DirBuilder::new()
[INFO] [stdout]    |     ^^^
[INFO] [stdout]    |
[INFO] [stdout]    = note: `#[warn(deprecated)]` on by default
[INFO] [stdout] 
[INFO] [stdout] 
[INFO] [stdout] warning: use of deprecated macro `try`: use the `?` operator instead
[INFO] [stdout]   --> src/disk_cache.rs:49:20
[INFO] [stdout]    |
[INFO] [stdout] 49 |     let mut file = try!(File::create(&path));
[INFO] [stdout]    |                    ^^^
[INFO] [stdout] 
[INFO] [stdout] 
[INFO] [stdout] warning: use of deprecated macro `try`: use the `?` operator instead
[INFO] [stdout]   --> src/disk_cache.rs:50:5
[INFO] [stdout]    |
[INFO] [stdout] 50 |     try!(file.write_all(value.as_bytes()));
[INFO] [stdout]    |     ^^^
[INFO] [stdout] 
[INFO] [stdout] 
[INFO] [stdout] warning: use of deprecated macro `try`: use the `?` operator instead
[INFO] [stdout]   --> src/vegvesen_api.rs:53:20
[INFO] [stdout]    |
[INFO] [stdout] 53 |     let response = try!(client.get(&request_url).send());
[INFO] [stdout]    |                    ^^^
[INFO] [stdout] 
[INFO] [stdout] 
[INFO] [stdout] warning: use of deprecated macro `try`: use the `?` operator instead
[INFO] [stdout]   --> src/vegvesen_api.rs:54:15
[INFO] [stdout]    |
[INFO] [stdout] 54 |     let dom = try!(Document::from_read(response));
[INFO] [stdout]    |               ^^^
[INFO] [stdout] 
[INFO] [stdout] 
[INFO] [stdout] warning: use of deprecated macro `try`: use the `?` operator instead
[INFO] [stdout]   --> src/vegvesen_api.rs:68:17
[INFO] [stdout]    |
[INFO] [stdout] 68 |         _ => Ok(try!(json::encode(&tables))),
[INFO] [stdout]    |                 ^^^
[INFO] [stdout] 
[INFO] [stdout] 
[INFO] [stdout] warning: unused import: `Attr`
[INFO] [stdout]  --> src/vegvesen_api.rs:2:38
[INFO] [stdout]   |
[INFO] [stdout] 2 | use select::predicate::{Class, Name, Attr};
[INFO] [stdout]   |                                      ^^^^
[INFO] [stdout]   |
[INFO] [stdout]   = note: `#[warn(unused_imports)]` on by default
[INFO] [stdout] 
[INFO] [stdout] 
[INFO] [stdout] warning: unnecessary parentheses around function argument
[INFO] [stdout]   --> src/main.rs:39:37
[INFO] [stdout]    |
[INFO] [stdout] 39 |         Err(_) => Ok(Response::with((status::BadRequest))),
[INFO] [stdout]    |                                     ^^^^^^^^^^^^^^^^^^^^ help: remove these parentheses
[INFO] [stdout]    |
[INFO] [stdout]    = note: `#[warn(unused_parens)]` on by default
[INFO] [stdout] 
[INFO] [stdout] 
[INFO] [stdout] warning: use of deprecated macro `try`: use the `?` operator instead
[INFO] [stdout]   --> src/disk_cache.rs:29:5
[INFO] [stdout]    |
[INFO] [stdout] 29 |     try!(DirBuilder::new()
[INFO] [stdout]    |     ^^^
[INFO] [stdout]    |
[INFO] [stdout]    = note: `#[warn(deprecated)]` on by default
[INFO] [stdout] 
[INFO] [stdout] 
[INFO] [stdout] warning: use of deprecated macro `try`: use the `?` operator instead
[INFO] [stdout]   --> src/disk_cache.rs:49:20
[INFO] [stdout]    |
[INFO] [stdout] 49 |     let mut file = try!(File::create(&path));
[INFO] [stdout]    |                    ^^^
[INFO] [stdout] 
[INFO] [stdout] 
[INFO] [stdout] warning: use of deprecated macro `try`: use the `?` operator instead
[INFO] [stdout]   --> src/disk_cache.rs:50:5
[INFO] [stdout]    |
[INFO] [stdout] 50 |     try!(file.write_all(value.as_bytes()));
[INFO] [stdout]    |     ^^^
[INFO] [stdout] 
[INFO] [stdout] 
[INFO] [stdout] warning: use of deprecated macro `try`: use the `?` operator instead
[INFO] [stdout]   --> src/vegvesen_api.rs:53:20
[INFO] [stdout]    |
[INFO] [stdout] 53 |     let response = try!(client.get(&request_url).send());
[INFO] [stdout]    |                    ^^^
[INFO] [stdout] 
[INFO] [stdout] 
[INFO] [stdout] warning: use of deprecated macro `try`: use the `?` operator instead
[INFO] [stdout]   --> src/vegvesen_api.rs:54:15
[INFO] [stdout]    |
[INFO] [stdout] 54 |     let dom = try!(Document::from_read(response));
[INFO] [stdout]    |               ^^^
[INFO] [stdout] 
[INFO] [stdout] 
[INFO] [stdout] warning: use of deprecated macro `try`: use the `?` operator instead
[INFO] [stdout]   --> src/vegvesen_api.rs:68:17
[INFO] [stdout]    |
[INFO] [stdout] 68 |         _ => Ok(try!(json::encode(&tables))),
[INFO] [stdout]    |                 ^^^
[INFO] [stdout] 
[INFO] [stdout] 
[INFO] [stdout] warning: unused import: `Attr`
[INFO] [stdout]  --> src/vegvesen_api.rs:2:38
[INFO] [stdout]   |
[INFO] [stdout] 2 | use select::predicate::{Class, Name, Attr};
[INFO] [stdout]   |                                      ^^^^
[INFO] [stdout]   |
[INFO] [stdout]   = note: `#[warn(unused_imports)]` on by default
[INFO] [stdout] 
[INFO] [stdout] 
[INFO] [stdout] warning: unnecessary parentheses around function argument
[INFO] [stdout]   --> src/main.rs:39:37
[INFO] [stdout]    |
[INFO] [stdout] 39 |         Err(_) => Ok(Response::with((status::BadRequest))),
[INFO] [stdout]    |                                     ^^^^^^^^^^^^^^^^^^^^ help: remove these parentheses
[INFO] [stdout]    |
[INFO] [stdout]    = note: `#[warn(unused_parens)]` on by default
[INFO] [stdout] 
[INFO] [stdout] 
[INFO] [stdout] error[E0599]: no method named `unwrap` found for unit type `()` in the current scope
[INFO] [stdout]   --> src/main.rs:44:24
[INFO] [stdout]    |
[INFO] [stdout] 44 |     env_logger::init().unwrap();
[INFO] [stdout]    |                        ^^^^^^ method not found in `()`
[INFO] [stdout] 
[INFO] [stdout] 
[INFO] [stdout] error[E0599]: no method named `unwrap` found for unit type `()` in the current scope
[INFO] [stdout]   --> src/main.rs:44:24
[INFO] [stdout]    |
[INFO] [stdout] 44 |     env_logger::init().unwrap();
[INFO] [stdout]    |                        ^^^^^^ method not found in `()`
[INFO] [stdout] 
[INFO] [stdout] 
[INFO] [stdout] error[E0599]: no method named `first` found for struct `select::node::Find<'_, Class<&str>>` in the current scope
[INFO] [stdout]   --> src/vegvesen_api.rs:19:61
[INFO] [stdout]    |
[INFO] [stdout] 19 |     let title = match table.find(Class("modul-overskrift")).first() {
[INFO] [stdout]    |                                                             ^^^^^ method not found in `select::node::Find<'_, Class<&str>>`
[INFO] [stdout] 
[INFO] [stdout] 
[INFO] [stdout] error[E0599]: no method named `iter` found for struct `select::node::Find<'_, select::predicate::Name<&str>>` in the current scope
[INFO] [stdout]   --> src/vegvesen_api.rs:25:10
[INFO] [stdout]    |
[INFO] [stdout] 25 |         .iter()
[INFO] [stdout]    |          ^^^^ method not found in `select::node::Find<'_, select::predicate::Name<&str>>`
[INFO] [stdout] 
[INFO] [stdout] 
[INFO] [stdout] error[E0599]: no method named `iter` found for struct `select::node::Find<'_, select::predicate::Name<&str>>` in the current scope
[INFO] [stdout]   --> src/vegvesen_api.rs:26:37
[INFO] [stdout]    |
[INFO] [stdout] 26 |         .zip(table.find(Name("td")).iter())
[INFO] [stdout]    |                                     ^^^^ method not found in `select::node::Find<'_, select::predicate::Name<&str>>`
[INFO] [stdout] 
[INFO] [stdout] 
[INFO] [stdout] error[E0599]: no method named `first` found for struct `select::node::Find<'_, Class<&str>>` in the current scope
[INFO] [stdout]   --> src/vegvesen_api.rs:19:61
[INFO] [stdout]    |
[INFO] [stdout] 19 |     let title = match table.find(Class("modul-overskrift")).first() {
[INFO] [stdout]    |                                                             ^^^^^ method not found in `select::node::Find<'_, Class<&str>>`
[INFO] [stdout] 
[INFO] [stdout] 
[INFO] [stdout] error[E0599]: no method named `iter` found for struct `select::node::Find<'_, select::predicate::Name<&str>>` in the current scope
[INFO] [stdout]   --> src/vegvesen_api.rs:25:10
[INFO] [stdout]    |
[INFO] [stdout] 25 |         .iter()
[INFO] [stdout]    |          ^^^^ method not found in `select::node::Find<'_, select::predicate::Name<&str>>`
[INFO] [stdout] 
[INFO] [stdout] 
[INFO] [stdout] error[E0599]: no method named `iter` found for struct `select::node::Find<'_, select::predicate::Name<&str>>` in the current scope
[INFO] [stdout]   --> src/vegvesen_api.rs:26:37
[INFO] [stdout]    |
[INFO] [stdout] 26 |         .zip(table.find(Name("td")).iter())
[INFO] [stdout]    |                                     ^^^^ method not found in `select::node::Find<'_, select::predicate::Name<&str>>`
[INFO] [stdout] 
[INFO] [stdout] 
[INFO] [stdout] error[E0308]: mismatched types
[INFO] [stdout]   --> src/vegvesen_api.rs:53:36
[INFO] [stdout]    |
[INFO] [stdout] 53 |     let response = try!(client.get(&request_url).send());
[INFO] [stdout]    |                                    ^^^^^^^^^^^^ expected struct `hyper::Uri`, found `&std::string::String`
[INFO] [stdout] 
[INFO] [stdout] 
[INFO] [stdout] error[E0599]: no method named `send` found for struct `hyper::client::ResponseFuture` in the current scope
[INFO] [stdout]   --> src/vegvesen_api.rs:53:50
[INFO] [stdout]    |
[INFO] [stdout] 53 |     let response = try!(client.get(&request_url).send());
[INFO] [stdout]    |                                                  ^^^^ method not found in `hyper::client::ResponseFuture`
[INFO] [stdout] 
[INFO] [stdout] 
[INFO] [stdout] error[E0599]: no method named `iter` found for struct `select::document::Find<'_, Class<&str>>` in the current scope
[INFO] [stdout]   --> src/vegvesen_api.rs:62:10
[INFO] [stdout]    |
[INFO] [stdout] 62 |         .iter()
[INFO] [stdout]    |          ^^^^ method not found in `select::document::Find<'_, Class<&str>>`
[INFO] [stdout] 
[INFO] [stdout] 
[INFO] [stdout] error: aborting due to 7 previous errors; 8 warnings emitted
[INFO] [stdout] 
[INFO] [stdout] 
[INFO] [stdout] Some errors have detailed explanations: E0308, E0599.
[INFO] [stdout] 
[INFO] [stdout] For more information about an error, try `rustc --explain E0308`.
[INFO] [stdout] 
[INFO] [stdout] error[E0308]: mismatched types
[INFO] [stdout]   --> src/vegvesen_api.rs:53:36
[INFO] [stdout]    |
[INFO] [stdout] 53 |     let response = try!(client.get(&request_url).send());
[INFO] [stdout]    |                                    ^^^^^^^^^^^^ expected struct `hyper::Uri`, found `&std::string::String`
[INFO] [stdout] 
[INFO] [stdout] 
[INFO] [stdout] error[E0599]: no method named `send` found for struct `hyper::client::ResponseFuture` in the current scope
[INFO] [stdout]   --> src/vegvesen_api.rs:53:50
[INFO] [stdout]    |
[INFO] [stdout] 53 |     let response = try!(client.get(&request_url).send());
[INFO] [stdout]    |                                                  ^^^^ method not found in `hyper::client::ResponseFuture`
[INFO] [stdout] 
[INFO] [stdout] 
[INFO] [stderr] error: could not compile `plates`.
[INFO] [stderr] 
[INFO] [stderr] To learn more, run the command again with --verbose.
[INFO] [stderr] warning: build failed, waiting for other jobs to finish...
[INFO] [stdout] error[E0599]: no method named `iter` found for struct `select::document::Find<'_, Class<&str>>` in the current scope
[INFO] [stdout]   --> src/vegvesen_api.rs:62:10
[INFO] [stdout]    |
[INFO] [stdout] 62 |         .iter()
[INFO] [stdout]    |          ^^^^ method not found in `select::document::Find<'_, Class<&str>>`
[INFO] [stdout] 
[INFO] [stdout] 
[INFO] [stdout] error: aborting due to 7 previous errors; 8 warnings emitted
[INFO] [stdout] 
[INFO] [stdout] 
[INFO] [stdout] Some errors have detailed explanations: E0308, E0599.
[INFO] [stdout] 
[INFO] [stdout] For more information about an error, try `rustc --explain E0308`.
[INFO] [stdout] 
[INFO] [stderr] error: build failed
[INFO] running `Command { std: "docker" "inspect" "62da1ce690e134ffd29f4f0f36199d364e72382b105593c00a3d0298c50f3d6e", kill_on_drop: false }`
[INFO] running `Command { std: "docker" "rm" "-f" "62da1ce690e134ffd29f4f0f36199d364e72382b105593c00a3d0298c50f3d6e", kill_on_drop: false }`
[INFO] [stdout] 62da1ce690e134ffd29f4f0f36199d364e72382b105593c00a3d0298c50f3d6e
